 the units digit of u(b)?
1
Suppose -4*i - 12 = 0, -24*a - 2*i + 29844 = -19*a. What is the thousands digit of a?
5
Suppose 4*u = 2*u + 8. Suppose -10*k + 8*k + 3*l + 2934 = 0, 4*l = u*k - 5876. What is the thousands digit of k?
1
Suppose b - 6664 = -3*o, -4*b - 42*o + 45*o = -26626. What is the hundreds digit of b?
6
Let t be 4/10 + (-231532)/(-70). What is the tens digit of (-4)/(-12) + t/3?
0
Suppose -253*t + 246*t + 64113 = 0. What is the hundreds digit of t?
1
Suppose 8*m - 6*m = 10, b - 29549 = -4*m. What is the ten thousands digit of b?
2
Suppose 107 = 4*c + 91. What is the tens digit of 754*(5 + (-18)/c)?
7
Suppose 5*o = -4*d + 124258, 6*o - 2*d = -3*d + 149121. What is the tens digit of o?
5
Let r be (-5)/30 - (-39)/18. Suppose -r*h - 11*h = -6474. What is the hundreds digit of h?
4
Suppose -24*t + 20214 = -125850. What is the units digit of t?
6
Let s(o) = 12046*o**2 + 43*o - 42. What is the hundreds digit of s(2)?
2
Let u = -947 + 521. Let t = -186 - u. Let g = t + -91. What is the hundreds digit of g?
1
Let y = 960 + 1677. Let o = 4589 - y. What is the units digit of o?
2
Let p = 5557 + -867. What is the hundreds digit of p?
6
Let z(o) = -52*o**2 - 29 - 37*o - 8697*o**3 - 7 + 8699*o**3. What is the hundreds digit of z(27)?
4
Suppose -25*m - 1706 + 39017 = -99489. What is the hundreds digit of m?
4
Suppose 39*s - 131 = 38*s. Let r = -82 + s. What is the units digit of r?
9
Suppose 2*c = 5*h - 120477, -2*h + c + 48188 = 3*c. What is the ten thousands digit of h?
2
What is the tens digit of (2/(-8))/(12/277892*9/(-108))?
7
Suppose 2*n + 13942 = 3*i - 3868, 3*i = -n + 17798. What is the thousands digit of i?
5
Let d = 7572 - 3098. What is the tens digit of d?
7
Let r = -267 + 257. Let u(b) = 2 + 0*b + 6*b + b**2 + 1 + 4. What is the units digit of u(r)?
7
Let g(a) = 583*a + 6452. What is the units digit of g(35)?
7
Let c(w) = 11441*w**2 - 78*w - 117. What is the hundreds digit of c(-2)?
8
Let z = 3401 + -1318. What is the units digit of z?
3
What is the ten thousands digit of (-10)/12 + (-3 - -9)/(-36) + 16334?
1
Let x be 2/(4 + -2) - -1. Suppose x*r + 22 + 26 = 2*c, -5*c = -4*r - 118. Let n = 190 - c. What is the tens digit of n?
6
Suppose -5*b = -12*b. Let v(a) be the second derivative of -a**5/20 - a**4/12 - a**3/6 + 201*a**2/2 - 21*a. What is the tens digit of v(b)?
0
Suppose u = 5*d - 123, 2*u = 3*d - 3*u - 65. Suppose 9*o + 9*o = 20*o - 8. Suppose -3*n + d = 2*n, -3*f - o*n + 302 = 0. What is the tens digit of f?
9
Let v(o) = 395*o**2 + 15*o + 76. What is the tens digit of v(-4)?
3
Suppose 0 = -3*k + 2*y + 20, -5*k - y + 6*y + 35 = 0. Let s(u) = u**3 - 4*u**2 - 9*u - 9. What is the units digit of s(k)?
9
Let c = 260 + -262. What is the units digit of ((1 + -3436)/5)/(c - -1)?
7
Suppose -69 = -a + 16. Suppose 0*s - 46 = -2*s + 4*t, 5*s = 4*t + a. Let d = s - -82. What is the units digit of d?
5
Suppose c - 3*y + 0 = -4, 0 = -5*c - 4*y + 18. Let s be (-3*5/60)/(c/(-56)). Suppose 398 - 41 = s*z. What is the units digit of z?
1
Let s = 10000 - 4704. What is the tens digit of (-2 - (-5)/10)*s/(-12)?
6
Let i(k) = -k**3 - 5*k**2 - 4*k - 9. Let q be i(-4). Let c(g) = g. Let z(f) = 9*f + 3. Let a(y) = 42*c(y) - 6*z(y). What is the tens digit of a(q)?
9
Let s = -50 - -56. Suppose s*n - 17 = -29. Let q(h) = 35*h**2 + 5*h - 2. What is the units digit of q(n)?
8
Let f(y) = y**3 + 6*y**2 + 6. Let w be f(-6). Suppose -w*m = -2*m - 48. Suppose -5*j - 2*u = -798, -4*j - u = -m - 624. What is the units digit of j?
8
Suppose 3911100 + 305049 = 160*l - 1464491. What is the thousands digit of l?
5
Let g(l) = -7*l**3 - 28*l**2 - 38*l - 14. Let x(s) = 20*s**3 + 83*s**2 + 114*s + 43. Let a(u) = 17*g(u) + 6*x(u). What is the tens digit of a(-19)?
8
Suppose 394 + 1826 = 4*d. Suppose 6*g - g - d = 0. Suppose 379 = 4*h + g. What is the units digit of h?
7
Let i(p) = 70*p**2 + 155*p + 36. What is the ten thousands digit of i(-35)?
8
Suppose -4*p + q + 25665 = -118264, 107963 = 3*p - 4*q. What is the hundreds digit of p?
9
Let v be 3 - (32/(-20) - (-2)/(-5)). Suppose 1445 = v*r + 315. Let h = 340 - r. What is the units digit of h?
4
Let w = 411 - -1600. Suppose w + 3737 = 12*q. What is the units digit of q?
9
Let v(y) = -157*y - 26. Let s be v(3). Let r = s + 1039. What is the tens digit of r?
4
Suppose 5*m - 17 = 2*v, 5*v - m + 24 = -53. Let o(r) = -55*r - 88. What is the hundreds digit of o(v)?
7
Let r be (-8480)/56 + -9 - (-3)/7. Let m = 590 + r. What is the hundreds digit of m?
4
Let b = -185 + 322. Let a be -4 + (b - (-5 + 3)). Let p = 18 + a. What is the hundreds digit of p?
1
Let i be (6/(-18))/(7/(-672)). Suppose 5*m + i = 3*n, 0*n + 3*m = n - 4. What is the units digit of n?
9
Let j(o) = 22*o**2 + 32*o - 5. Let w = 229 + -234. What is the hundreds digit of j(w)?
3
Let v(x) = 1203*x - 201. What is the hundreds digit of v(6)?
0
Suppose 69*f - 69192 = 38*f. What is the thousands digit of f?
2
Let y = 771 - -147. Suppose 4 = 2*l, -5*l + 4*l = -2*z + y. What is the tens digit of z?
6
Let o be 39/(-26)*((-56)/6)/(-2). Let j be 10 + o - (-2 + 1). Suppose i - 4*n = 130, n - 2 = -j. What is the tens digit of i?
2
Let q be (-1 - (-5)/(-2))*-2. Suppose 0 = 14*v - 6*v. Suppose -2*g + q*g - 405 = v. What is the tens digit of g?
8
Let a = 887 - 368. Suppose 3*z + 2*q = -q + 384, 0 = -4*z + 3*q + a. What is the tens digit of z?
2
Let u(s) = -4*s + 207. Let p be u(51). Let c(k) = 364*k + 12. What is the thousands digit of c(p)?
1
Let k(q) = 4*q - 32. Let f be k(8). Let h = 207 - 81. Suppose f = 2*i - 0*i + 10, 0 = -4*u - 2*i + h. What is the tens digit of u?
3
Let s = -176 + 481. Let x = s + 1011. What is the thousands digit of x?
1
Let i be 1 - (-100397)/(-13) - (-50)/(-325). What is the hundreds digit of i/(-11) + 5/1?
7
Suppose 5*d - 4*f - 1516 = 3180, 0 = -3*f + 18. What is the units digit of d?
4
Suppose i + w = -4*w + 20, 4*i - 131 = -3*w. Suppose i - 31 = 2*b. Suppose b*n - 10 = 0, -o + 106 = -2*n + 7*n. What is the tens digit of o?
8
Suppose 2*a = 4*h + 1362, 3*h + 2*h + 2047 = 3*a. Let n = -338 + a. What is the tens digit of n?
5
Let a(k) = -7*k + 4. Let m = 14 + -7. Let j be a(m). Let q = j - -57. What is the units digit of q?
2
Let x = 348 - 524. What is the tens digit of ((-19)/1)/(8/x)?
1
What is the units digit of 9 - (-32853 + 4 + -13)?
1
Suppose 349009 = -12*s + 34*s - 298187. What is the thousands digit of s?
9
Suppose 0 = 2*a + 3*g + 5, 2*a - 3*g = -4*g - 3. Let o be (-7 + 6)/(a/(-26)). Let b = o + 114. What is the units digit of b?
8
What is the tens digit of 3721/(15*14/315*(-6)/(-44))?
3
What is the tens digit of 2*(820405/142 + (-8)/((-4)/2))?
6
Let p = 6484 - 3494. Let r = -2090 + p. What is the units digit of r?
0
Let p be ((-192)/(-80))/(2 - 129/60). Let v be 16*3*(-10 - p). Suppose 6*y + v = 9*y. What is the units digit of y?
6
What is the thousands digit of (-2342204)/(-28) + (4 - 3)*1/(-7)?
3
Let q(g) = 3*g**3 - 3 - 4*g**3 - 12*g**2 - 5 + 25*g. Let i be q(-14). What is the tens digit of (2 - 24)/(-1)*i/4?
8
Suppose 51*x = 49*x + 34. Suppose 0 = -x*d + 19*d - 188. Let y = 149 - d. What is the units digit of y?
5
Let j(u) = 12*u**2 + 4*u - 6. Suppose 16*f - 14*f = 44. Suppose f = 5*i + 2. What is the units digit of j(i)?
2
Let g(f) = f**3 + 16*f**2 - 18*f - 8. Let d be g(-17). What is the hundreds digit of 11067/34*6/d?
2
Suppose 10*i - 10 = 15*i. Let s be 66/(-3)*-1*(-1)/i. Suppose -s*u + u = -600. What is the tens digit of u?
6
Suppose -20*d + 6336 = 2*b - 22*d, 4*b = 3*d + 12670. What is the thousands digit of b?
3
Let r = -36 - -40. Suppose -d = -5*g + 13, -4*g - r*d + 0 = 4. Suppose 3*i - 170 = -2*c, -4*i + 174 = g*c - 2*i. What is the units digit of c?
1
Let t be (-3)/((-3)/3 - 0) + -368 + 368. Suppose 0*a = 4*a - 492. Suppose 2*h + 8 = 0, t*h - a = -5*q + 50. What is the units digit of q?
7
Let n(g) = -g + 6. Let r(i) = -i + 5. Let q(a) = 2*n(a) - 3*r(a). Let s be q(6). Suppose 2*o + s*o = 515. What is the tens digit of o?
0
Let v(k) = -14*k - 18. Let g be v(-10). Suppose h = 220 + g. Suppose -5*j + h + 103 = 0. What is the units digit of j?
9
Let y be (((-26)/(-4))/13)/(2/676). Suppose 0 = y*l - 167*l - 342. What is the units digit of l?
1
Let f be 4/(-16)*4*(-1252 - 1). Let p = f - 895. What is the units digit of p?
8
Let z = 